What is the remainder when ((-46)/4)/(4/(-24)) is divided by (0 - (-8)/6)*168/16?
13
Let a = 56 + -36. Suppose -c - a = -4*c - 2*u, 0 = c - u - 15. Let w = -4 + 8. What is the remainder when c is divided by w?
2
Suppose 4 - 6 = -z. Suppose 8*c + 4*w = 6*c + 4, 2*w = 2*c - 4. What is the remainder when z is divided by c?
0
Let k be 30/(-70) + 80/7. Suppose -k*u - 252 = -18*u. What is the remainder when u is divided by 19?
17
Suppose 22 + 45 = 2*c - 5*i, -9 = -3*i. What is the remainder when c is divided by 10/1 - -1*2?
5
Let t = 59 - 44. Let b = -10 + 68. What is the remainder when b is divided by t?
13
Suppose -d - 2*c + 89 = 2*d, -5*c + 47 = d. Calculate the remainder when d is divided by 4/(-1) + 3 + 7 + 4.
7
Let g(y) = -8*y**2 + 216*y + 14. What is the remainder when 166 is divided by g(27)?
12
Let f(j) = -19*j + 12. What is the remainder when f(0) is divided by 8?
4
Suppose 2*x = 2*f + 74, 119 = 3*x - 0*f + f. Let g = 33 + 122. Calculate the remainder when g is divided by x.
38
What is the remainder when -1 + 6*45 - -6 is divided by 47?
40
Calculate the remainder when (5/10)/(-5 + (-722)/(-144)) is divided by 12.
0
Let v(l) = l + 44. Let k(n) = n + 88. Let z(h) = -4*k(h) + 7*v(h). Let w = 3 + -1. What is the remainder when z(17) is divided by w?
1
Suppose d + 11 = 3*g + 5*d, 0 = g - 4*d + 7. Calculate the remainder when (3 - -1) + (-2 - -2) is divided by ((63/14)/3)/(g/2).
1
Let j = -1836 + 1901. Calculate the remainder when j is divided by 34/2 + 0/(-2).
14
Let j(a) = 3*a**2 + 4*a + 3. Let s be j(-2). What is the remainder when 12 is divided by -3 + s + (1 - -2)?
5
Let r = 981 + -870. What is the remainder when r is divided by 20?
11
Let k = -13 + 47. Let y = 1244 - 1109. What is the remainder when y is divided by k?
33
Suppose -r + 243 = 4*k, -k = -5*r - 30 - 15. What is the remainder when 294 is divided by k?
54
Suppose -2*y - 5*c = -5824, -3*y + 5*c = 2*y - 14595. Calculate the remainder when y is divided by 20.
17
Suppose 21*w + 223 = 412. Calculate the remainder when 32 is divided by w.
5
Suppose -5*n + 193 = 3*r - r, -69 = -r + 3*n. Let v(p) = 2*p - 16. Let m be v(11). Suppose -d = m*d - r. Calculate the remainder when 33 is divided by d.
9
Let h(w) = -w**2 - 7*w - 7. Let q be h(-3). Suppose q + 5 = 2*a. Calculate the remainder when 7 is divided by a.
2
Suppose -95 + 20 = -3*c. Calculate the remainder when c is divided by 9.
7
Let h(x) = 2*x**2 + 3*x - 1. Let z = 13 + 5. What is the remainder when h(-6) is divided by z?
17
Let k = -9 + 6. Let t(c) = -c**3 - c**2 + c + 3. Let b(o) = -24*o + 3. Calculate the remainder when b(-2) is divided by t(k).
15
Suppose 3*j = 0, -h = -25*j + 21*j - 27. What is the remainder when 100 is divided by h?
19
Let k(u) = -u + 8. Let n be ((-16)/48)/(1 + 38/(-36)). What is the remainder when 3 is divided by k(n)?
1
Suppose 51 = 3*c - 3*w, -54*c + 56*c + 3*w - 29 = 0. Let d = 16 + 12. Calculate the remainder when d is divided by c.
12
Suppose 0 = -3*b + 4*b - 13. Let t = b - -9. Let q(c) = -4*c**3 + 4*c**2 + 9*c + 13. What is the remainder when q(-2) is divided by t?
21
Suppose 8*z - 12*z = -28. Let u be (-2 - 1/(-1)) + 31. Suppose -10 = -2*b + u. What is the remainder when b is divided by z?
6
Let l = 40 + -8. Suppose -3 = -2*q + 3*p + 6, -5*q - 2*p = -l. What is the remainder when 88 - (q - 4 - -1) is divided by 22?
19
Let w(p) = 31*p - 13. Calculate the remainder when w(3) is divided by 0/(5 - 7) - -46 - 5.
39
Suppose 0 = 5*m, n - 6*n + m + 20 = 0. Suppose -d + 6*d = 3*t, n*d = -3*t. Suppose -7*a + 91 = -t*a. Calculate the remainder when 37 is divided by a.
11
Suppose 17*x = -5*x + 440. Suppose 4*t - 10 = 3*t. Calculate the remainder when x is divided by ((-30)/(-25))/(2/t).
2
Let o be 120/55 + (-4)/22. Calculate the remainder when (-2 - -3)/(o/106) is divided by 14.
11
What is the remainder when (-406)/(3*9/(-27)) is divided by 37?
36
Suppose -41*l + 278 = -9. Calculate the remainder when 104 is divided by l.
6
Let v = 19 + -8. What is the remainder when v is divided by (11/(-33))/((-1)/9)?
2
Let n = 30 - 43. Calculate the remainder when -2 + 2 - (-110)/2 is divided by ((-14)/1)/(n + 12).
13
Suppose 3*u + 35*c - 58 = 31*c, 5*c + 67 = 4*u. What is the remainder when 269 is divided by u?
17
Calculate the remainder when 58 is divided by (3 + 4/6*-3)*10.
8
Let g = 81 + -77. Suppose -y - 219 = -g*m, 171 = 3*m - 3*y - 0. Calculate the remainder when m is divided by 20.
14
Calculate the remainder when 250 is divided by 14*1 + 27 + -34.
5
Suppose -24 - 6 = -2*b. Calculate the remainder when 11 is divided by (-1*2)/((-6)/b).
1
Let n(k) = -5*k - 2. Suppose 0*w = 3*w - 6. Suppose q + 9 = -w*q. Calculate the remainder when 49 is divided by n(q).
10
Suppose -2*s = 2*s - 256. Let j = -108 + 119. What is the remainder when s is divided by j?
9
Let b(w) = 3*w**2 - 3 + 0 + 2*w - 1. Suppose -18*l + 682 = 15*l + 55. What is the remainder when b(-6) is divided by l?
16
Suppose -3*m = 4*m - 1204. Calculate the remainder when m is divided by 161.
11
Suppose 1 + 3 = -s. Let n = s - -7. Calculate the remainder when n is divided by 36/21 - 4/(-14).
1
Suppose -3*x + m + 47 = 5, -27 = -3*x - 4*m. What is the remainder when 153 is divided by x?
10
Suppose -a - 38 = -3*a. Let m = -47 + 103. What is the remainder when m is divided by a?
18
Suppose 2 = f - l + 12, -2*f = -l + 22. Let g(v) = -v**2 - 15*v + 1. Calculate the remainder when g(f) is divided by 10.
7
Suppose 3*d + 32 = k + 8*d, 0 = k + d - 28. Calculate the remainder when 44 + 1 - (-15 - -19) is divided by k.
14
Let d = 153 - 41. Calculate the remainder when d is divided by 29.
25
Suppose -2*j + 25 = 5*v, -15 = -j - 0*j - 5*v. Suppose 107 = 3*l - 4*u + 8*u, 5*l + 4*u = 173. What is the remainder when l is divided by j?
3
Let x = -1 + 6. Calculate the remainder when x is divided by 15 + -5 + -8 + 1.
2
Suppose -8*w + 11*w = -n + 173, 2*n = -2*w + 354. What is the remainder when n is divided by 23?
18
Let q be (1 - 15)*1 + -1. Let k = -337 + 386. Calculate the remainder when k is divided by q/(-1) - (-3 - -1).
15
Let y = -2891 - -3143. What is the remainder when y is divided by 77?
21
Let b(l) = -3*l + 2 + 5 + 3*l**2 - 5. Suppose 0 = -2*y - 5*k + 21, 2*k = -3*y - k + 18. Calculate the remainder when b(y) is divided by 11.
9
Let u(v) = -v**3 - 5*v**2 - 11*v + 4. What is the remainder when u(-9) is divided by 72?
67
Let i(z) = z**3 - 10*z**2 - 2*z + 8. Let t be i(10). Let v(s) = -s**2 - 12*s + 4. What is the remainder when 8 is divided by v(t)?
0
Let s(k) = k**3 - 7*k**2 - 6*k - 1. Let g be s(8). Suppose u - 3*b = -2*b + g, 3*b = -3*u + 39. Calculate the remainder when 81 is divided by u.
11
Suppose 0 = 83*z - 85*z + 82. What is the remainder when 115 is divided by z?
33
Let j be -5 + -1*(5 - 14). Calculate the remainder when (150/j)/((-2)/(-4)) is divided by 20.
15
Suppose -5*c + y = -4*c - 52, -3*y = -6. What is the remainder when c is divided by 8?
6
Let n(y) = -2*y**2 - 2*y + 83. What is the remainder when n(0) is divided by (-1)/(2/(-30)) + -1?
13
Let j = -22 - -22. Let n(g) = 2*g + 12. Calculate the remainder when (-254)/(-4)*(-1 + j - -3) is divided by n(10).
31
Let r be 1/(3 + 2) + 833/35. Let v = r - 17. Calculate the remainder when 25 is divided by v.
4
Let j(o) = -o**3 + 5*o**2 - o - 3. Suppose 2*q - 3*q = -3. Let g be j(q). Calculate the remainder when 35 is divided by (g/7)/((-8)/(-84)).
17
Let z = -33 + 34. Let j be 1 + (3/1)/3. Suppose m + j = 3. What is the remainder when m is divided by z?
0
Let y = -17 - -19. Suppose -3*b + 14 + 26 = l, 3*b = -y*l + 44. Let q = 23 - b. Calculate the remainder when q is divided by 7.
4
Let d = -11536 + 11634. Suppose -15 = -y + 5*t, 3*y - 64 = -t - 3*t. What is the remainder when d is divided by y?
18
Let z be 2/13 - (-84)/(-39). Let p(y) be the first derivative of -y**4/4 - y**3/3 - 3*y**2/2 - y - 2. What is the remainder when p(z) is divided by 4?
1
Let q(v) = -11*v + 2. What is the remainder when q(-9) is divided by 26?
23
Suppose 0 = i - 5*i. Let n be 3 - 9/(i + 3). Suppose -3*s + 4*s + 3*f = 36, 5*f - 25 = n. What is the remainder when 40 is divided by s?
19
Suppose -20*s = -17*s - 225. Calculate the remainder when s is divided by 29.
17
Let g = -29 - -31. Suppose 5*u - 3 = g*p, -p - 3*u + 15 = -11. Calculate the re